(-10)/105*3?
3
Suppose -2*x - 118 = -3*i, -5*i + 177 = -x - 29. Suppose i = 5*t - 3. Let q = t + -5. What is the units digit of q?
4
Let c = -19 - -27. What is the units digit of c?
8
Let v be 104/(-10) + 4/10. What is the units digit of (-8)/20 - 74/v?
7
Suppose -3*x - 4*p = -160, -4*x - p = -328 + 119. Suppose 5*y - x = 33. What is the tens digit of y?
1
Suppose 2*c - 8 = -2*c. Suppose 4*t + c*h + 3*h - 14 = 0, 0 = -3*t + 5*h + 28. What is the units digit of t?
6
Suppose 4*d - 2 = 3*d. Let y = d - -2. Let l = y - 0. What is the units digit of l?
4
Let g(a) = 2*a - 1. Let r be g(1). Let x(o) = o. Let i be x(r). Let h(v) = 2*v**3 + v - 1. What is the units digit of h(i)?
2
Let y(h) = -h**3 - 3*h**2 - 3*h + 11. What is the tens digit of y(-5)?
7
Let f(b) = 6 - 2*b + 6*b**2 + 2*b**3 + 2 - b**3 - 5*b. What is the units digit of f(-7)?
8
Suppose 79 + 101 = 5*l. What is the units digit of l?
6
Suppose -4*j = -3*x - 120, 0 = 4*x - 5*x. Let g = j - 17. What is the units digit of g?
3
Let b = -8 - -13. Suppose 0 = -b*m + 93 + 37. What is the tens digit of m?
2
What is the hundreds digit of (18/(-7))/(3/(-224))?
1
What is the units digit of 650/6 - 2/(-3)?
9
What is the units digit of -91*(3 + 62/(-14))?
0
Let x be 1/(1/(2 - -2)). Let z = 43 + -30. Suppose -3*r + 5*w + 5 = 0, 4*r - x*w = -z + 33. What is the tens digit of r?
1
Let y = 14 - 16. What is the units digit of (y + 4)*(-1 - -12)?
2
Let t be (0 - 1)*20/2. Let l be 36/t + (-2)/5. What is the units digit of ((-9)/(-1))/((-6)/l)?
6
Let t = 10 + -3. What is the units digit of (20/t)/(26/455)?
0
Suppose -5*v = 0, -x + 2*x - 95 = 5*v. What is the units digit of x?
5
Let j(a) = -230*a**3 - 2*a**2 - 2*a - 1. What is the hundreds digit of j(-1)?
2
Let g(v) = 7*v - 7. Let t be g(11). What is the tens digit of (8 - t)/(-3 - -1)?
3
Let v be 0*(1 + (-2)/4). Let n = -58 + 63. Suppose -n*f + 37 - 8 = k, v = 4*k - 4*f - 44. What is the units digit of k?
4
Suppose 2*q + p = -4*p + 60, p = 0. What is the tens digit of q?
3
Let s(c) = -5*c + 4. Let l(f) = 6*f - 5. Let w(p) = 4*l(p) + 5*s(p). Let r be w(-2). Suppose 7*z - r*z = 4*t + 19, 4*t = z - 7. What is the units digit of z?
3
Let f = 12 - -44. Suppose t + 4*a - f = -a, -a + 76 = 2*t. What is the tens digit of t?
3
Let a(g) = g**3 + 10*g**2 + 9*g + 3. Let d be 1*(1 - 2)*23. Let p = d - -14. What is the units digit of a(p)?
3
Suppose 4*r - 17 = 3*f - r, -5*f - 2*r + 13 = 0. What is the units digit of (1 - 0)*17*f?
7
Let v = -63 - -401. What is the hundreds digit of v?
3
Let t(o) = 3*o. Let x be ((-8)/6)/((-4)/6). Suppose -3*q - 4*g = -3*g - 8, -x*g - 14 = -4*q. What is the units digit of t(q)?
9
Suppose 3*i + 7 - 1 = 0. What is the tens digit of i/(-8) + 91/4?
2
Let b(p) be the third derivative of p**5/30 + p**4/12 - p**3/2 - 4*p**2. Let c(m) = m - 2. Let r be c(4). What is the units digit of b(r)?
9
Suppose -18 = -2*v + 52. Suppose 0 = 2*d + 3*d - v. What is the units digit of d?
7
Let h(z) = z**2 + z + 2. Let q be h(0). Let c(d) = -5 + 1 + q*d - 3*d + 2. What is the units digit of c(-7)?
5
What is the tens digit of ((-4)/5)/(9/(-360))?
3
Let z(f) = f**3 - 6*f**2 + 5*f + 2. Let u be z(5). Suppose 2*d + 3*k - u = 0, 0 = -2*d + 5*k + 5 - 19. Let n(l) = -4*l + 2. What is the tens digit of n(d)?
1
Let h be 920/35 - (-4)/(-14). Suppose 3*l = 13 + h. What is the tens digit of l?
1
Let v = -118 + 243. What is the hundreds digit of v?
1
Let r(b) be the first derivative of -3*b**2/2 - 4*b - 1. Let s be r(-3). Suppose -s*p = -4*u + 6, -4*p - 2*u + 20 = u. What is the units digit of p?
2
What is the units digit of (-1 - 44 - -2)*(-9 - -5)?
2
Suppose -5*o - 2*k - 4 = -5*k, 3*o - 2 = 4*k. Let z(v) = -v**3 + 2*v - 1. What is the units digit of z(o)?
3
Let w = 13 - 10. Suppose -42 = -3*y - t, 15 = y - 3*t - 9. Suppose -y = w*f, i - 21 = f + 2*f. What is the units digit of i?
6
Let w be 10/15*(30 + 0). Suppose -5*p + c + 16 = 0, -3*p - 4*c = -2*p - w. Suppose 2*t = 2*n - 32, -3*n - 2*n + p*t + 78 = 0. What is the units digit of n?
4
Suppose -y - 5*f + 66 = 0, -5*f - 64 = -5*y + 176. What is the units digit of y?
1
Let v be (-2)/2 + (12 - 0). Suppose -v = -2*s + 5. What is the units digit of s?
8
Let o = 46 + -31. What is the tens digit of o?
1
Let z be (-17)/(2 - (-10)/(-4)). What is the tens digit of (z/(-10))/(1/(-5))?
1
Let r(o) = 2*o**2 + 8*o. Let m be r(-5). Let f = -9 + m. What is the units digit of f?
1
Let o(v) = 2*v**3 - 9*v**2 + 19*v. Let l(m) = m**3 - 5*m**2 + 9*m. Let d(c) = 5*l(c) - 2*o(c). What is the units digit of d(6)?
6
Suppose -4*b + 6 = -2*s, -4*b - s = -0*s - 21. Let o = -2 + b. What is the units digit of o?
2
Let n = 11 + -8. Suppose 4*p - v = n*v + 4, -5*v = 2*p - 9. What is the units digit of (-23)/(-2) - p/4?
1
Let n be (4/6)/(3/(-36)). Let i = n - -14. Suppose i = 5*u - 2*u. What is the units digit of u?
2
Let i(b) = -b**3 - 6*b**2 + 7*b - 1. Let v be i(-7). Let w(h) = -47*h + 2. What is the tens digit of w(v)?
4
Suppose -15 = -5*y + 5*v, 0*v + v - 9 = -5*y. Suppose y*d - 33 = -7. What is the units digit of d?
3
Suppose 0 = -5*y + 5 + 120. Suppose o + y = 6*o. Suppose 25 = 5*r - 5*p, 0 = p - o + 1. What is the units digit of r?
9
Suppose -9 + 1 = -2*m. Suppose m*s + 4*n - 52 = 0, n = s - n - 25. What is the units digit of s?
7
Let m(d) = 7*d**3 - 2*d**2 - d - 7. Let x(k) = -15*k**3 + 4*k**2 + 2*k + 15. Let p(g) = -13*m(g) - 6*x(g). What is the units digit of p(2)?
3
Let u(y) = -y - 7. What is the units digit of u(-15)?
8
Let u(j) be the first derivative of -j**4/12 + 5*j**3/6 + j**2 + j - 2. Let k(f) be the first derivative of u(f). What is the units digit of k(5)?
2
Suppose 5*b - 14 = -4. Let c = -3 - -3. Suppose -15 = -4*y + y - 3*u, b*y + 4*u - 14 = c. What is the units digit of y?
3
What is the units digit of (-12)/(-8) + (-831)/(-6)?
0
Let t(v) be the second derivative of -v**4/12 + v**2/2 + v. Let m be t(-1). What is the units digit of (0 - m) + (3 - -2)?
5
Let m = -5 + 8. Suppose -w - 2*i + 21 = -i, 0 = -m*w - i + 57. What is the units digit of w?
8
Suppose -4*v + 35 = -n, -4*n + 0 = -3*v + 10. Let k be -9 - (-2 + 0 + 0). Let i = k + v. What is the units digit of i?
3
What is the units digit of 2/3 - 52/(-12)?
5
Let b = -51 - -58. What is the units digit of b?
7
Let q(d) = d**2 + 3*d + 3. Let t be q(-3). Let x(o) be the second derivative of o**3/3 + o**2/2 + 3*o. What is the units digit of x(t)?
7
Let v = -21 - -108. What is the tens digit of v?
8
Let f be 1 + (-3 - -1) - -1. Let v be f/(9/(-6)*-2). Suppose 0 = -j + 4*j + 2*q - 26, 5*j + q - 55 = v. What is the units digit of j?
2
Let g be 380/8 + 1/2. Suppose -4*j + g = 2*s, j + j + 3*s = 24. What is the tens digit of j?
1
Let c = 11 + -9. Suppose 5*g = j - 23, 10 = c*j + g + g. What is the units digit of j?
8
Let v = -26 + 43. What is the tens digit of v - (3 + -3 + -3)?
2
Let b(m) = 4*m**2 - 10*m + 6. What is the tens digit of b(4)?
3
Let p = 5 + 0. Let w be (1/1)/(2/4). Suppose 44 = 3*b + w*j, 32 = b - 0*j + p*j. What is the tens digit of b?
1
Let g(o) = -o - 10. Let d be g(-7). Let i = d + 4. Suppose x - 6 = -i. What is the units digit of x?
5
Let v be -1 - (-9 - -1)/2. Suppose 0 = 7*t - v*t - 92. What is the tens digit of t?
2
Let i = -6 + 9. What is the units digit of 2/(-6)*i*-9?
9
Suppose 2*s - 648 = -2*s. What is the hundreds digit of s?
1
Let g(a) = a + 14. Let l be g(-10). Suppose 4*k = l*r + 3*k + 19, -5 = 2*r + k. Let m = r - -16. What is the units digit of m?
2
Let f be 19/5 + 10/50. What is the units digit of 303/33 + f/(-22)?
9
Let n(m) be the second derivative of -m**4/12 + 2*m**3/3 + m**2 + 4*m. Let y be n(4). What is the tens digit of y + 11 - 2/2?
1
Suppose 5*z - 582 = -4*r + 239, -4*r = -4*z + 628. What is the units digit of z?
1
What is the tens digit of (-920)/(-12) - 2/3?
7
Suppose d = 6 - 5. What is the units digit of d?
1
Let w = 112 - 48. Suppose 5*p = 2*i - 60, 0*p - p = -3*i + w. Let x = 28 - i. What is the units digit of x?
8
Suppose 4*w - 32 = -2*r, -r - 3*w + 42 = 2*r. Let z = 35 - r. What is the tens digit of z?
2
Let x(a) = -65*a - 3. What is the units digit of x(-1)?
2
Suppose -2*q + 4*b + 448 = 0, 2*q - 7*b - 450 = -2*b. What is the units digit of q?
0
Let h = 3 - 1. Suppose h*a = -4, 3*d = 2*a - a + 38. What is the tens digit of d?
1
Let a(x) = 2*x*